n 334 is divided by 7?
5
What is the remainder when 469 is divided by 92?
9
What is the remainder when 152 is divided by 12?
8
What is the remainder when 1523 is divided by 22?
5
Calculate the remainder when 512 is divided by 53.
35
What is the remainder when 115 is divided by 96?
19
What is the remainder when 328 is divided by 15?
13
Calculate the remainder when 107 is divided by 7.
2
What is the remainder when 265 is divided by 34?
27
What is the remainder when 114 is divided by 55?
4
What is the remainder when 280 is divided by 77?
49
What is the remainder when 636 is divided by 92?
84
What is the remainder when 351 is divided by 338?
13
What is the remainder when 839 is divided by 20?
19
Calculate the remainder when 146 is divided by 18.
2
Calculate the remainder when 119 is divided by 41.
37
Calculate the remainder when 502 is divided by 12.
10
What is the remainder when 716 is divided by 9?
5
What is the remainder when 393 is divided by 79?
77
What is the remainder when 12373 is divided by 34?
31
Calculate the remainder when 189 is divided by 21.
0
What is the remainder when 62 is divided by 58?
4
Calculate the remainder when 420 is divided by 357.
63
What is the remainder when 21 is divided by 16?
5
Calculate the remainder when 235 is divided by 102.
31
Calculate the remainder when 248 is divided by 25.
23
What is the remainder when 443 is divided by 278?
165
What is the remainder when 1473 is divided by 180?
33
Calculate the remainder when 419 is divided by 20.
19
What is the remainder when 131 is divided by 34?
29
What is the remainder when 932 is divided by 7?
1
Calculate the remainder when 199 is divided by 72.
55
What is the remainder when 459 is divided by 42?
39
What is the remainder when 2594 is divided by 50?
44
What is the remainder when 233 is divided by 23?
3
Calculate the remainder when 148 is divided by 25.
23
What is the remainder when 145 is divided by 11?
2
Calculate the remainder when 123 is divided by 10.
3
Calculate the remainder when 422 is divided by 107.
101
Calculate the remainder when 54 is divided by 36.
18
What is the remainder when 182 is divided by 50?
32
Calculate the remainder when 17 is divided by 7.
3
Calculate the remainder when 40 is divided by 17.
6
Calculate the remainder when 3717 is divided by 120.
117
Calculate the remainder when 2145 is divided by 19.
17
Calculate the remainder when 46 is divided by 10.
6
Calculate the remainder when 134 is divided by 28.
22
Calculate the remainder when 2115 is divided by 262.
19
Calculate the remainder when 2656 is divided by 38.
34
Calculate the remainder when 2968 is divided by 229.
220
Calculate the remainder when 476 is divided by 69.
62
What is the remainder when 913 is divided by 84?
73
What is the remainder when 103 is divided by 103?
0
What is the remainder when 45440 is divided by 29?
26
What is the remainder when 102 is divided by 13?
11
Calculate the remainder when 10739 is divided by 20.
19
What is the remainder when 441 is divided by 26?
25
Calculate the remainder when 63 is divided by 5.
3
Calculate the remainder when 603 is divided by 590.
13
What is the remainder when 73182 is divided by 119?
116
What is the remainder when 5235 is divided by 308?
307
What is the remainder when 1028 is divided by 10?
8
What is the remainder when 165 is divided by 56?
53
Calculate the remainder when 5343 is divided by 33.
30
What is the remainder when 54 is divided by 12?
6
What is the remainder when 1716 is divided by 216?
204
Calculate the remainder when 1791 is divided by 360.
351
What is the remainder when 843 is divided by 222?
177
What is the remainder when 1338 is divided by 20?
18
What is the remainder when 208 is divided by 30?
28
Calculate the remainder when 1823 is divided by 24.
23
Calculate the remainder when 351 is divided by 324.
27
What is the remainder when 1091 is divided by 267?
23
What is the remainder when 267 is divided by 21?
15
What is the remainder when 67 is divided by 15?
7
What is the remainder when 131 is divided by 37?
20
What is the remainder when 296 is divided by 83?
47
What is the remainder when 96 is divided by 73?
23
Calculate the remainder when 185 is divided by 13.
3
What is the remainder when 37 is divided by 27?
10
Calculate the remainder when 16992 is divided by 165.
162
Calculate the remainder when 10243 is divided by 52.
51
Calculate the remainder when 976 is divided by 20.
16
Calculate the remainder when 178 is divided by 79.
20
Calculate the remainder when 774 is divided by 272.
230
What is the remainder when 331 is divided by 37?
35
Calculate the remainder when 128 is divided by 66.
62
What is the remainder when 626 is divided by 19?
18
Calculate the remainder when 1240 is divided by 44.
8
What is the remainder when 350 is divided by 16?
14
What is the remainder when 2846 is divided by 31?
25
Calculate the remainder when 757 is divided by 92.
21
What is the remainder when 19916 is divided by 16?
12
What is the remainder when 111 is divided by 7?
6
What is the remainder when 1141 is divided by 44?
41
What is the remainder when 424 is divided by 54?
46
Calculate the remainder when 274 is divided by 87.
13
Calculate the remainder when 408 is divided by 124.
36
Calculate the remainder when 183 is divided by 21.
15
What is the remainder when 198 is divided by 31?
12
Calculate the remainder when 7303 is divided by 13.
10
What is the remainder when 336 is divided by 55?
6
Calculate the remainder when 118 is divided by 12.
10
Calculate the remainder when 734 is divided by 9.
5
Calculate the remainder when 815 is divided by 17.
16
What is the remainder when 230 is divided by 122?
108
Calculate the remainder when 218 is divided by 103.
12
Calculate the remainder when 6173 is divided by 8.
5
What is the remainder when 14641 is divided by 101?
97
What is the remainder when 27 is divided by 7?
6
Calculate the remainder when 5980 is divided by 136.
132
What is the remainder when 70 is divided by 27?
16
What is the remainder when 9679 is divided by 21?
19
What is the remainder when 101 is divided by 68?
33
Calculate the remainder when 391 is divided by 3.
1
Calculate the remainder when 5639 is divided by 31.
28
What is the remainder when 654 is divided by 164?
162
Calculate the remainder when 306 is divided by 80.
66
What is the remainder when 2385 is divided by 52?
45
What is the remainder when 2897 is divided by 20?
17
What is the remainder when 137 is divided by 128?
9
What is the remainder when 1456 is divided by 18?
16
Calculate the remainder when 479 is divided by 9.
2
Calculate the remainder when 1561 is divided by 356.
137
Calculate the remainder when 401 is divided by 137.
127
Calculate the remainder when 1957 is divided by 98.
95
What is the remainder when 3798 is divided by 25?
23
Calculate the remainder when 184 is divided by 13.
2
What is the remainder when 17 is divided by 1?
0
What is the remainder when 10159 is divided by 27?
7
Calculate the remainder when 121 is divided by 22.
11
What is the remainder when 105 is divided by 10?
5
What is the remainder when 1096 is divided by 10?
6
Calculate the remainder when 383 is divided by 54.
5
What is the remainder when 153 is divided by 52?
49
What is the remainder when 64 is divided by 17?
13
What is the remainder when 243 is divided by 52?
35
What is the remainder when 753 is divided by 11?
5
What is the remainder when 1878 is divided by 312?
6
Calculate the remainder when 129 is divided by 24.
9
What is the remainder when 187 is divided by 185?
2
Calculate the remainder when 359 is divided by 60.
59
Calculate the remainder when 16234 is divided by 132.
130
Calculate the remainder when 119 is divided by 70.
49
What is the remainder when 1655 is divided by 551?
2
What is the remainder when 558 is divided by 55?
8
Calculate the remainder when 232 is divided by 18.
16
Calculate the remainder when 333 is divided by 58.
43
Calculate the remainder when 110 is divided by 19.
15
Calculate the remainder when 28 is divided by 17.
11
What is the remainder when 2374 is divided by 108?
106
Calculate the remainder when 133 is divided by 46.
41
Calculate the remainder when 49 is divided by 15.
4
What is the remainder when 624 is divided by 33?
30
What is the remainder when 65 is divide